f 3389391.
3, 19, 6607
List the prime factors of 257977.
107, 2411
List the prime factors of 9197592.
2, 3, 409, 937
What are the prime factors of 7640890?
2, 5, 764089
What are the prime factors of 816418?
2, 408209
What are the prime factors of 5569924?
2, 1392481
List the prime factors of 9457501.
61, 227, 683
List the prime factors of 904589.
7, 18461
List the prime factors of 175532.
2, 7, 6269
What are the prime factors of 6639160?
2, 5, 11, 79, 191
List the prime factors of 4876741.
103, 113, 419
What are the prime factors of 162092?
2, 7, 827
List the prime factors of 1405193.
41, 34273
What are the prime factors of 560620?
2, 5, 28031
List the prime factors of 272537.
272537
List the prime factors of 14563052.
2, 7, 37, 14057
What are the prime factors of 774367?
11, 17, 41, 101
List the prime factors of 403670.
2, 5, 37, 1091
What are the prime factors of 218913?
3, 43, 1697
What are the prime factors of 9035727?
3, 3011909
What are the prime factors of 21883?
79, 277
List the prime factors of 1658608.
2, 7, 59, 251
List the prime factors of 9186116.
2, 2296529
List the prime factors of 773097.
3, 13, 43, 461
What are the prime factors of 23535792?
2, 3, 7, 43, 181
List the prime factors of 64290.
2, 3, 5, 2143
List the prime factors of 38747.
38747
List the prime factors of 115731.
3, 7, 11, 167
What are the prime factors of 581129?
701, 829
What are the prime factors of 29507792?
2, 179, 10303
List the prime factors of 2952827.
61, 48407
What are the prime factors of 7146081?
3, 794009
List the prime factors of 558660.
2, 3, 5, 9311
List the prime factors of 828770.
2, 5, 179, 463
What are the prime factors of 5985811?
13, 35419
What are the prime factors of 5989628?
2, 1497407
List the prime factors of 143408.
2, 8963
List the prime factors of 131435.
5, 97, 271
What are the prime factors of 71981?
7, 13, 113
List the prime factors of 286162.
2, 199, 719
What are the prime factors of 7980889?
7, 1140127
What are the prime factors of 263822?
2, 13, 73, 139
List the prime factors of 640390.
2, 5, 17, 3767
What are the prime factors of 490669?
79, 6211
List the prime factors of 12538328.
2, 11, 19, 7499
What are the prime factors of 4309110?
2, 3, 5, 13, 29, 127
List the prime factors of 51510.
2, 3, 5, 17, 101
List the prime factors of 143796.
2, 3, 23, 521
What are the prime factors of 1452147?
3, 53, 9133
List the prime factors of 36792509.
13, 151, 18743
What are the prime factors of 166423?
163, 1021
What are the prime factors of 2409077?
11, 389, 563
List the prime factors of 7722397.
7722397
List the prime factors of 3409245.
3, 5, 7, 79, 137
List the prime factors of 1059260.
2, 5, 52963
What are the prime factors of 175568?
2, 10973
List the prime factors of 1290403.
137, 9419
What are the prime factors of 276124?
2, 69031
What are the prime factors of 983102?
2, 149, 3299
What are the prime factors of 24587712?
2, 3, 17, 31
What are the prime factors of 2687016?
2, 3, 111959
List the prime factors of 204429.
3, 83, 821
What are the prime factors of 1805706?
2, 3, 7, 17, 281
What are the prime factors of 345188?
2, 86297
List the prime factors of 757033.
67, 11299
What are the prime factors of 116784?
2, 3, 811
What are the prime factors of 454392?
2, 3, 6311
What are the prime factors of 5608749?
3, 659, 2837
What are the prime factors of 2096672?
2, 65521
List the prime factors of 496863.
3, 55207
What are the prime factors of 2025792?
2, 3, 3517
What are the prime factors of 3851136?
2, 3, 3343
What are the prime factors of 282178?
2, 13, 10853
What are the prime factors of 6712269?
3, 71, 31513
List the prime factors of 764483.
79, 9677
List the prime factors of 31142191.
43, 449, 1613
List the prime factors of 1082599.
7, 29, 5333
List the prime factors of 1099729.
1099729
List the prime factors of 1697759.
7, 409, 593
List the prime factors of 8744155.
5, 7, 249833
What are the prime factors of 1614162?
2, 3, 11, 37, 661
List the prime factors of 22810872.
2, 3, 7, 17, 163
List the prime factors of 7419332.
2, 1854833
List the prime factors of 558555.
3, 5, 23, 1619
What are the prime factors of 10899306?
2, 3, 11, 59, 311
List the prime factors of 3498419.
3498419
What are the prime factors of 2326690?
2, 5, 232669
List the prime factors of 3594745.
5, 7, 11, 9337
List the prime factors of 84086.
2, 42043
List the prime factors of 43215.
3, 5, 43, 67
What are the prime factors of 277633?
23, 12071
List the prime factors of 5259157.
23, 107, 2137
List the prime factors of 763.
7, 109
What are the prime factors of 43987?
43987
List the prime factors of 770754.
2, 3, 19, 6761
What are the prime factors of 2678828?
2, 669707
What are the prime factors of 878237?
17, 19, 2719
List the prime factors of 243318.
2, 3, 107, 379
What are the prime factors of 628189?
628189
List the prime factors of 743769.
3, 13, 163
What are the prime factors of 166617?
3, 11, 17
What are the prime factors of 14630659?
17, 83, 10369
List the prime factors of 417668.
2, 104417
List the prime factors of 145247.
337, 431
List the prime factors of 951159.
3, 11, 19, 37, 41
List the prime factors of 1952704.
2, 13, 2347
List the prime factors of 17771283.
3, 281, 7027
What are the prime factors of 1617673?
31, 52183
List the prime factors of 1590123.
3, 530041
List the prime factors of 28466874.
2, 3, 17, 41, 2269
What are the prime factors of 754112?
2, 11783
What are the prime factors of 24676024?
2, 97, 31799
List the prime factors of 3657407.
13, 281339
What are the prime factors of 469327?
41, 11447
List the prime factors of 127342.
2, 63671
What are the prime factors of 17734?
2, 8867
List the prime factors of 355325.
5, 61, 233
List the prime factors of 30069.
3, 13, 257
What are the prime factors of 10749112?
2, 11, 122149
What are the prime factors of 107871?
3, 41, 877
What are the prime factors of 91602?
2, 3, 7, 727
List the prime factors of 2777498.
2, 97, 103, 139
List the prime factors of 1364280.
2, 3, 5, 11369
List the prime factors of 1852547.
227, 8161
List the prime factors of 539888.
2, 41, 823
List the prime factors of 11199653.
67, 167159
List the prime factors of 6202134.
2, 3, 23, 71, 211
List the prime factors of 184798.
2, 92399
What are the prime factors of 1539825?
3, 5, 7, 419
List the prime factors of 3559191.
3, 1186397
What are the prime factors of 1437492?
2, 3, 7, 109, 157
What are the prime factors of 96701?
11, 59, 149
What are the prime factors of 2650579?
2650579
List the prime factors of 183650.
2, 5, 3673
What are the prime factors of 6638466?
2, 3, 17, 37, 1759
What are the prime factors of 3213449?
1063, 3023
What are the prime factors of 1258416?
2, 3, 971
List the prime factors of 215134.
2, 263, 409
List the prime factors of 274004.
2, 68501
What are the prime factors of 12828708?
2, 3, 461, 773
List the prime factors of 927887.
101, 9187
List the prime factors of 3173656.
2, 31, 67, 191
What are the prime factors of 832356?
2, 3, 7, 367
List the prime factors of 20851237.
11, 1895567
List the prime factors of 22272708.
2, 3, 1856059
What are the prime factors of 1888673?
1888673
What are the prime factors of 1987958?
2, 7, 149, 953
List the prime factors of 11420279.
13, 71, 12373
List the prime factors of 795013.
61, 13033
List the prime factors of 203680.
2, 5, 19, 67
What are the prime factors of 165826?
2, 82913
List the prime factors of 387075.
3, 5, 13, 397
What are the prime factors of 353889?
3, 17, 257
List the prime factors of 1814211.
3, 7, 29, 331
List the prime factors of 3132673.
449, 6977
What are the prime factors of 249356?
2, 17, 19, 193
What are the prime factors of 11344815?
3, 5, 59, 4273
What are the prime factors of 679678?
2, 339839
What are the prime factors of 9989799?
3, 3329933
List the prime factors of 402952.
2, 11, 19, 241
What are the prime factors of 20239385?
5, 251, 16127
List the prime factors of 1454888.
2, 23, 7907
What are the prime factors of 417728?
2, 61, 107
What are the prime factors of 352880?
2, 5, 11, 401
List the prime factors of 154704.
2, 3, 11, 293
List the prime factors of 12507101.
23, 543787
What are the prime factors of 2487055?
5, 497411
What are the prime factors of 3384896?
2, 52889
What are the prime factors of 3285875?
5, 97, 271
List the